ime factors of 4874235.
3, 5, 324949
List the prime factors of 329034.
2, 3, 29, 31, 61
List the prime factors of 1352165.
5, 37, 7309
What are the prime factors of 13116923?
23, 79, 7219
What are the prime factors of 2441648?
2, 11, 13873
What are the prime factors of 1196242?
2, 103, 5807
What are the prime factors of 10049044?
2, 1289, 1949
What are the prime factors of 172350?
2, 3, 5, 383
What are the prime factors of 105043?
17, 37, 167
List the prime factors of 4615921.
43, 107347
List the prime factors of 11689986.
2, 3, 7, 11, 25303
List the prime factors of 801073.
7, 13, 8803
What are the prime factors of 220843?
7, 4507
List the prime factors of 334706.
2, 113, 1481
What are the prime factors of 12917667?
3, 7, 67, 9181
List the prime factors of 1833174.
2, 3, 7, 14549
List the prime factors of 200736.
2, 3, 17, 41
What are the prime factors of 296222?
2, 37, 4003
List the prime factors of 28864.
2, 11, 41
What are the prime factors of 335275?
5, 13411
What are the prime factors of 905990?
2, 5, 90599
List the prime factors of 824780.
2, 5, 11, 23, 163
List the prime factors of 1331106.
2, 3, 7, 41, 773
List the prime factors of 296802.
2, 3, 11, 1499
What are the prime factors of 13316568?
2, 3, 19, 29, 53
What are the prime factors of 765123?
3, 37, 61, 113
What are the prime factors of 396943?
396943
List the prime factors of 95711.
7, 11, 113
List the prime factors of 93483.
3, 13, 17, 47
List the prime factors of 81890.
2, 5, 19, 431
What are the prime factors of 565202?
2, 11, 23, 1117
List the prime factors of 3332033.
23, 277, 523
List the prime factors of 513792.
2, 3, 223
List the prime factors of 13161975.
3, 5, 175493
List the prime factors of 5044751.
23, 137, 1601
What are the prime factors of 531024?
2, 3, 13, 23, 37
List the prime factors of 77089.
127, 607
What are the prime factors of 1178559?
3, 17, 7703
What are the prime factors of 29475342?
2, 3, 13, 125963
What are the prime factors of 2805303?
3, 37, 127, 199
What are the prime factors of 614134?
2, 307067
List the prime factors of 7515267.
3, 607, 4127
What are the prime factors of 638725?
5, 29, 881
What are the prime factors of 1127800?
2, 5, 5639
List the prime factors of 233823.
3, 41, 1901
What are the prime factors of 7060424?
2, 7, 126079
List the prime factors of 12502034.
2, 6251017
What are the prime factors of 446028?
2, 3, 11, 31, 109
What are the prime factors of 1883683?
587, 3209
List the prime factors of 1829082.
2, 3, 304847
What are the prime factors of 2211845?
5, 277, 1597
What are the prime factors of 996247?
7, 31, 4591
List the prime factors of 222167.
11, 19, 1063
What are the prime factors of 1333241?
7, 13, 23
What are the prime factors of 2123734?
2, 1061867
What are the prime factors of 23382616?
2, 17, 19, 9049
What are the prime factors of 18235262?
2, 113, 80687
What are the prime factors of 1039365?
3, 5, 7699
List the prime factors of 346457.
67, 5171
What are the prime factors of 13193314?
2, 107, 61651
List the prime factors of 7694.
2, 3847
List the prime factors of 2752348.
2, 688087
List the prime factors of 26665846.
2, 13332923
List the prime factors of 23232499.
23232499
What are the prime factors of 5425370?
2, 5, 542537
What are the prime factors of 3437519?
17, 229, 883
What are the prime factors of 2166026?
2, 439, 2467
List the prime factors of 4972013.
4972013
List the prime factors of 6995258.
2, 53, 65993
What are the prime factors of 865891?
13, 43, 1549
List the prime factors of 28184508.
2, 3, 11, 103, 691
What are the prime factors of 6293656?
2, 786707
What are the prime factors of 912059?
181, 5039
What are the prime factors of 1698213?
3, 11, 51461
List the prime factors of 1613128.
2, 11, 23, 797
What are the prime factors of 1571969?
7, 4583
List the prime factors of 592727.
592727
What are the prime factors of 13235072?
2, 103399
List the prime factors of 5850820.
2, 5, 292541
List the prime factors of 804845.
5, 160969
What are the prime factors of 833633?
833633
List the prime factors of 413382.
2, 3, 68897
List the prime factors of 73803.
3, 73, 337
What are the prime factors of 406666?
2, 13, 15641
List the prime factors of 6907481.
7, 29, 4861
List the prime factors of 26538.
2, 3, 4423
List the prime factors of 972225.
3, 5, 29, 149
List the prime factors of 4500885.
3, 5, 61, 4919
What are the prime factors of 7353842?
2, 41, 89681
What are the prime factors of 104946?
2, 3, 17491
What are the prime factors of 624513?
3, 89, 2339
List the prime factors of 237067.
237067
What are the prime factors of 1346698?
2, 673349
List the prime factors of 18428780.
2, 5, 163, 5653
What are the prime factors of 139916?
2, 7, 19, 263
What are the prime factors of 2513823?
3, 13, 43, 1499
List the prime factors of 19730758.
2, 41, 71, 3389
List the prime factors of 620689.
620689
What are the prime factors of 231040?
2, 5, 19
List the prime factors of 1312545.
3, 5, 13, 53, 127
What are the prime factors of 23527432?
2, 109, 26981
List the prime factors of 3643190.
2, 5, 139, 2621
What are the prime factors of 60796?
2, 15199
What are the prime factors of 2278331?
11, 207121
What are the prime factors of 25133658?
2, 3, 11, 107, 3559
What are the prime factors of 6396662?
2, 59, 151, 359
What are the prime factors of 1852197?
3, 167, 3697
What are the prime factors of 229201?
7, 137, 239
List the prime factors of 448286.
2, 19, 47, 251
What are the prime factors of 13866572?
2, 3466643
List the prime factors of 7770967.
1229, 6323
What are the prime factors of 249142?
2, 43, 2897
What are the prime factors of 20535211?
20535211
List the prime factors of 15340017.
3, 7, 11, 6037
What are the prime factors of 2726975?
5, 19, 5741
List the prime factors of 279357.
3, 13, 19, 29
List the prime factors of 7524750.
2, 3, 5, 79, 127
What are the prime factors of 3745359?
3, 15413
What are the prime factors of 16737395?
5, 179, 18701
List the prime factors of 7064669.
37, 41, 4657
List the prime factors of 30281101.
59, 513239
What are the prime factors of 819383?
17, 157, 307
What are the prime factors of 318496?
2, 37, 269
What are the prime factors of 2620826?
2, 13, 100801
What are the prime factors of 18412824?
2, 3, 19, 149, 271
What are the prime factors of 2397157?
7, 342451
List the prime factors of 612738.
2, 3, 7, 1621
What are the prime factors of 328231?
383, 857
List the prime factors of 70520.
2, 5, 41, 43
List the prime factors of 9522641.
211, 45131
What are the prime factors of 230346?
2, 3, 67, 191
What are the prime factors of 902922?
2, 3, 61, 2467
List the prime factors of 308623.
7, 44089
List the prime factors of 3065340.
2, 3, 5, 47, 1087
What are the prime factors of 2306608?
2, 144163
List the prime factors of 8211305.
5, 463, 3547
What are the prime factors of 38170253?
11, 17, 12007
List the prime factors of 6146909.
61, 100769
List the prime factors of 16681788.
2, 3, 51487
List the prime factors of 1296466.
2, 59, 10987
What are the prime factors of 810908?
2, 7, 28961
What are the prime factors of 3229118?
2, 1614559
What are the prime factors of 3204742?
2, 47, 103, 331
What are the prime factors of 3069325?
5, 7, 17539
What are the prime factors of 778989?
3, 103, 2521
List the prime factors of 570036.
2, 3, 67, 709
List the prime factors of 1379230.
2, 5, 107, 1289
List the prime factors of 1546770.
2, 3, 5, 47, 1097
What are the prime factors of 5245986?
2, 3, 874331
List the prime factors of 1710514.
2, 13, 65789
List the prime factors of 110758.
2, 79, 701
List the prime factors of 11441809.
11441809
What are the prime factors of 237640?
2, 5, 13, 457
What are the prime factors of 346116?
2, 3, 28843
List the prime factors of 726473.
11, 211, 313
What are the prime factors of 3680756?
2, 19, 2549
What are the prime factors of 173554?
2, 107, 811
List the prime factors of 16001384.
2, 7, 163, 1753
What are the prime factors of 334281?
3, 111427
List the prime factors of 2625742.
2, 7, 37, 137
List the prime factors of 3381924.
2, 3, 7, 13, 19, 163
What are the prime factors of 182067?
3, 60689
What are the prime factors of 10883095?
5, 2176619
List the prime factors of 129860.
2, 5, 43, 151
List the prime factors of 655018.
2, 7, 13, 59, 61
What are the prime factors of 140